{"id":252,"date":"2015-01-24T18:15:47","date_gmt":"2015-01-24T18:15:47","guid":{"rendered":"http:\/\/themes.tielabs.com\/sahifa5\/?page_id=252"},"modified":"2015-01-24T18:15:47","modified_gmt":"2015-01-24T18:15:47","slug":"audio-and-video","status":"publish","type":"page","link":"https:\/\/sihirli.tv\/?page_id=252","title":{"rendered":"Audio and Video"},"content":{"rendered":"<h3>Self Hosted Audio<\/h3>\n<audio class=\"wp-audio-shortcode\" id=\"audio-252-1\" preload=\"none\" style=\"width: 100%;\" controls=\"controls\"><source type=\"audio\/mpeg\" src=\"http:\/\/themes.tielabs.com\/data\/media\/magicghost.mp3?_=1\" \/><source type=\"audio\/ogg\" src=\"http:\/\/themes.tielabs.com\/data\/media\/magicghost.ogg?_=1\" \/><source type=\"\" src=\"http:\/\/?_=1\" \/><a href=\"http:\/\/themes.tielabs.com\/data\/media\/magicghost.mp3\">http:\/\/themes.tielabs.com\/data\/media\/magicghost.mp3<\/a><\/audio>\n<div class=\"clear\"><\/div><div style=\"margin-top:20px; margin-bottom:20px;\" class=\"divider divider-double\"><\/div>\n<h3>Self Hosted Video<\/h3>\n<div style=\"width: 618px;\" class=\"wp-video\"><video class=\"wp-video-shortcode\" id=\"video-252-1\" width=\"618\" height=\"348\" preload=\"metadata\" controls=\"controls\"><source type=\"video\/mp4\" src=\"http:\/\/themes.tielabs.com\/sahifa5\/wp-content\/uploads\/sites\/3\/2015\/01\/big_buck_bunny.mp4?_=1\" \/><a href=\"http:\/\/themes.tielabs.com\/sahifa5\/wp-content\/uploads\/sites\/3\/2015\/01\/big_buck_bunny.mp4\">http:\/\/themes.tielabs.com\/sahifa5\/wp-content\/uploads\/sites\/3\/2015\/01\/big_buck_bunny.mp4<\/a><\/video><\/div>\n<div class=\"clear\"><\/div><div style=\"margin-top:20px; margin-bottom:20px;\" class=\"divider divider-double\"><\/div>\n<h3>Videos Play list<\/h3>\n<div class=\"wp-playlist wp-video-playlist wp-playlist-light\">\n\t\t<video controls=\"controls\" preload=\"none\" width=\"596\"\n\t\t height=\"335\"\t><\/video>\n\t<div class=\"wp-playlist-next\"><\/div>\n\t<div class=\"wp-playlist-prev\"><\/div>\n\t<noscript>\n\t<ol>\n\t\t<li><a href='https:\/\/sihirli.tv\/wp-content\/uploads\/2015\/01\/Weaver-bird-3D-animation.mp4'>Weaver-bird-3D-animation<\/a><\/li><li><a href='https:\/\/sihirli.tv\/wp-content\/uploads\/2015\/01\/Gore-Zoid-3D-Animation-HD.mp4'>Gore-Zoid-3D-Animation-HD<\/a><\/li><li><a href='https:\/\/sihirli.tv\/wp-content\/uploads\/2015\/01\/big_buck_bunny.mp4'>big_buck_bunny<\/a><\/li>\t<\/ol>\n\t<\/noscript>\n\t<script type=\"application\/json\" class=\"wp-playlist-script\">{\"type\":\"video\",\"tracklist\":true,\"tracknumbers\":true,\"images\":true,\"artists\":true,\"tracks\":[{\"src\":\"https:\/\/sihirli.tv\/wp-content\/uploads\/2015\/01\/Weaver-bird-3D-animation.mp4\",\"type\":\"video\/mp4\",\"title\":\"Weaver-bird-3D-animation\",\"caption\":\"\",\"description\":\"\",\"meta\":{\"length_formatted\":\"0:30\"},\"dimensions\":{\"original\":{\"width\":640,\"height\":320},\"resized\":{\"width\":596,\"height\":298}},\"image\":{\"src\":\"https:\/\/sihirli.tv\/wp-includes\/images\/media\/video.svg\",\"width\":48,\"height\":64},\"thumb\":{\"src\":\"https:\/\/sihirli.tv\/wp-includes\/images\/media\/video.svg\",\"width\":48,\"height\":64}},{\"src\":\"https:\/\/sihirli.tv\/wp-content\/uploads\/2015\/01\/Gore-Zoid-3D-Animation-HD.mp4\",\"type\":\"video\/mp4\",\"title\":\"Gore-Zoid-3D-Animation-HD\",\"caption\":\"\",\"description\":\"\",\"meta\":{\"length_formatted\":\"0:41\"},\"dimensions\":{\"original\":{\"width\":640,\"height\":352},\"resized\":{\"width\":596,\"height\":328}},\"image\":{\"src\":\"https:\/\/sihirli.tv\/wp-includes\/images\/media\/video.svg\",\"width\":48,\"height\":64},\"thumb\":{\"src\":\"https:\/\/sihirli.tv\/wp-includes\/images\/media\/video.svg\",\"width\":48,\"height\":64}},{\"src\":\"https:\/\/sihirli.tv\/wp-content\/uploads\/2015\/01\/big_buck_bunny.mp4\",\"type\":\"video\/mp4\",\"title\":\"big_buck_bunny\",\"caption\":\"\",\"description\":\"\",\"meta\":{\"length_formatted\":\"1:00\"},\"dimensions\":{\"original\":{\"width\":640,\"height\":360},\"resized\":{\"width\":596,\"height\":335}},\"image\":{\"src\":\"https:\/\/sihirli.tv\/wp-includes\/images\/media\/video.svg\",\"width\":48,\"height\":64},\"thumb\":{\"src\":\"https:\/\/sihirli.tv\/wp-includes\/images\/media\/video.svg\",\"width\":48,\"height\":64}}]}<\/script>\n<\/div>\n\t\n","protected":false},"excerpt":{"rendered":"<p>Self Hosted Audio Self Hosted Video Videos Play list<\/p>\n","protected":false},"author":1,"featured_media":0,"parent":0,"menu_order":0,"comment_status":"closed","ping_status":"closed","template":"","meta":{"footnotes":""},"class_list":["post-252","page","type-page","status-publish",""],"yoast_head":"<!-- This site is optimized with the Yoast SEO plugin v27.5 - https:\/\/yoast.com\/product\/yoast-seo-wordpress\/ -->\n<title>Audio and Video - Sihirli TV<\/title>\n<meta name=\"robots\" content=\"index, follow, max-snippet:-1, max-image-preview:large, max-video-preview:-1\" \/>\n<link rel=\"canonical\" href=\"https:\/\/sihirli.tv\/?page_id=252\" \/>\n<meta property=\"og:locale\" content=\"tr_TR\" \/>\n<meta property=\"og:type\" content=\"article\" \/>\n<meta property=\"og:title\" content=\"Audio and Video - Sihirli TV\" \/>\n<meta property=\"og:description\" content=\"Self Hosted Audio Self Hosted Video Videos Play list\" \/>\n<meta property=\"og:url\" content=\"https:\/\/sihirli.tv\/?page_id=252\" \/>\n<meta property=\"og:site_name\" content=\"Sihirli TV\" \/>\n<meta name=\"twitter:card\" content=\"summary_large_image\" \/>\n<script type=\"application\/ld+json\" class=\"yoast-schema-graph\">{\"@context\":\"https:\\\/\\\/schema.org\",\"@graph\":[{\"@type\":\"WebPage\",\"@id\":\"https:\\\/\\\/sihirli.tv\\\/?page_id=252\",\"url\":\"https:\\\/\\\/sihirli.tv\\\/?page_id=252\",\"name\":\"Audio and Video - Sihirli TV\",\"isPartOf\":{\"@id\":\"https:\\\/\\\/sihirli.tv\\\/#website\"},\"datePublished\":\"2015-01-24T18:15:47+00:00\",\"breadcrumb\":{\"@id\":\"https:\\\/\\\/sihirli.tv\\\/?page_id=252#breadcrumb\"},\"inLanguage\":\"tr\",\"potentialAction\":[{\"@type\":\"ReadAction\",\"target\":[\"https:\\\/\\\/sihirli.tv\\\/?page_id=252\"]}]},{\"@type\":\"BreadcrumbList\",\"@id\":\"https:\\\/\\\/sihirli.tv\\\/?page_id=252#breadcrumb\",\"itemListElement\":[{\"@type\":\"ListItem\",\"position\":1,\"name\":\"Home\",\"item\":\"https:\\\/\\\/sihirli.tv\\\/\"},{\"@type\":\"ListItem\",\"position\":2,\"name\":\"Audio and Video\"}]},{\"@type\":\"WebSite\",\"@id\":\"https:\\\/\\\/sihirli.tv\\\/#website\",\"url\":\"https:\\\/\\\/sihirli.tv\\\/\",\"name\":\"Sihirli TV\",\"description\":\"Gizemli Olaylar, Bilim ve Teknoloji, K\u00fclt\u00fcr\u00fcrel ve Sanatsal Ke\u015fifler, E\u011flenceli ve E\u011fitici \u0130\u00e7erikler\",\"potentialAction\":[{\"@type\":\"SearchAction\",\"target\":{\"@type\":\"EntryPoint\",\"urlTemplate\":\"https:\\\/\\\/sihirli.tv\\\/?s={search_term_string}\"},\"query-input\":{\"@type\":\"PropertyValueSpecification\",\"valueRequired\":true,\"valueName\":\"search_term_string\"}}],\"inLanguage\":\"tr\"}]}<\/script>\n<!-- \/ Yoast SEO plugin. -->","yoast_head_json":{"title":"Audio and Video - Sihirli TV","robots":{"index":"index","follow":"follow","max-snippet":"max-snippet:-1","max-image-preview":"max-image-preview:large","max-video-preview":"max-video-preview:-1"},"canonical":"https:\/\/sihirli.tv\/?page_id=252","og_locale":"tr_TR","og_type":"article","og_title":"Audio and Video - Sihirli TV","og_description":"Self Hosted Audio Self Hosted Video Videos Play list","og_url":"https:\/\/sihirli.tv\/?page_id=252","og_site_name":"Sihirli TV","twitter_card":"summary_large_image","schema":{"@context":"https:\/\/schema.org","@graph":[{"@type":"WebPage","@id":"https:\/\/sihirli.tv\/?page_id=252","url":"https:\/\/sihirli.tv\/?page_id=252","name":"Audio and Video - Sihirli TV","isPartOf":{"@id":"https:\/\/sihirli.tv\/#website"},"datePublished":"2015-01-24T18:15:47+00:00","breadcrumb":{"@id":"https:\/\/sihirli.tv\/?page_id=252#breadcrumb"},"inLanguage":"tr","potentialAction":[{"@type":"ReadAction","target":["https:\/\/sihirli.tv\/?page_id=252"]}]},{"@type":"BreadcrumbList","@id":"https:\/\/sihirli.tv\/?page_id=252#breadcrumb","itemListElement":[{"@type":"ListItem","position":1,"name":"Home","item":"https:\/\/sihirli.tv\/"},{"@type":"ListItem","position":2,"name":"Audio and Video"}]},{"@type":"WebSite","@id":"https:\/\/sihirli.tv\/#website","url":"https:\/\/sihirli.tv\/","name":"Sihirli TV","description":"Gizemli Olaylar, Bilim ve Teknoloji, K\u00fclt\u00fcr\u00fcrel ve Sanatsal Ke\u015fifler, E\u011flenceli ve E\u011fitici \u0130\u00e7erikler","potentialAction":[{"@type":"SearchAction","target":{"@type":"EntryPoint","urlTemplate":"https:\/\/sihirli.tv\/?s={search_term_string}"},"query-input":{"@type":"PropertyValueSpecification","valueRequired":true,"valueName":"search_term_string"}}],"inLanguage":"tr"}]}},"_links":{"self":[{"href":"https:\/\/sihirli.tv\/index.php?rest_route=\/wp\/v2\/pages\/252","targetHints":{"allow":["GET"]}}],"collection":[{"href":"https:\/\/sihirli.tv\/index.php?rest_route=\/wp\/v2\/pages"}],"about":[{"href":"https:\/\/sihirli.tv\/index.php?rest_route=\/wp\/v2\/types\/page"}],"author":[{"embeddable":true,"href":"https:\/\/sihirli.tv\/index.php?rest_route=\/wp\/v2\/users\/1"}],"replies":[{"embeddable":true,"href":"https:\/\/sihirli.tv\/index.php?rest_route=%2Fwp%2Fv2%2Fcomments&post=252"}],"version-history":[{"count":0,"href":"https:\/\/sihirli.tv\/index.php?rest_route=\/wp\/v2\/pages\/252\/revisions"}],"wp:attachment":[{"href":"https:\/\/sihirli.tv\/index.php?rest_route=%2Fwp%2Fv2%2Fmedia&parent=252"}],"curies":[{"name":"wp","href":"https:\/\/api.w.org\/{rel}","templated":true}]}}